{"id":753,"date":"2023-02-25T14:53:59","date_gmt":"2023-02-25T13:53:59","guid":{"rendered":"https:\/\/sleddogs-wintergames.de\/?page_id=753"},"modified":"2023-02-25T14:54:01","modified_gmt":"2023-02-25T13:54:01","slug":"impressum","status":"publish","type":"page","link":"https:\/\/sleddogs-wintergames.de\/?page_id=753","title":{"rendered":"Impressum"},"content":{"rendered":"\t\t<div data-elementor-type=\"wp-page\" data-elementor-id=\"753\" class=\"elementor elementor-753\">\n\t\t\t\t\t\t<section class=\"elementor-section elementor-top-section elementor-element elementor-element-ea03974 elementor-section-boxed elementor-section-height-default elementor-section-height-default\" data-id=\"ea03974\" data-element_type=\"section\">\n\t\t\t\t\t\t<div class=\"elementor-container elementor-column-gap-default\">\n\t\t\t\t\t<div class=\"elementor-column elementor-col-100 elementor-top-column elementor-element elementor-element-61cb991\" data-id=\"61cb991\" data-element_type=\"column\">\n\t\t\t<div class=\"elementor-widget-wrap elementor-element-populated\">\n\t\t\t\t\t\t<div class=\"elementor-element elementor-element-2a791d1 elementor-widget elementor-widget-text-editor\" data-id=\"2a791d1\" data-element_type=\"widget\" data-widget_type=\"text-editor.default\">\n\t\t\t\t<div class=\"elementor-widget-container\">\n\t\t\t<style>\/*! elementor - v3.23.0 - 05-08-2024 *\/\n.elementor-widget-text-editor.elementor-drop-cap-view-stacked .elementor-drop-cap{background-color:#69727d;color:#fff}.elementor-widget-text-editor.elementor-drop-cap-view-framed .elementor-drop-cap{color:#69727d;border:3px solid;background-color:transparent}.elementor-widget-text-editor:not(.elementor-drop-cap-view-default) .elementor-drop-cap{margin-top:8px}.elementor-widget-text-editor:not(.elementor-drop-cap-view-default) .elementor-drop-cap-letter{width:1em;height:1em}.elementor-widget-text-editor .elementor-drop-cap{float:left;text-align:center;line-height:1;font-size:50px}.elementor-widget-text-editor .elementor-drop-cap-letter{display:inline-block}<\/style>\t\t\t\t<h2 style=\"line-height: 1em; letter-spacing: 0.05em; background-image: initial; background-position: 0px 0px; background-size: initial; background-repeat: initial; background-attachment: initial; background-origin: initial; background-clip: initial; border: 0px; margin-right: 0px; margin-bottom: 20px; margin-left: 0px; padding: 0px; vertical-align: baseline; outline: 0px; font-size: 50px; text-transform: uppercase; color: rgb(41, 40, 45); font-family: Teko, sans-serif;\">ANGABEN GEM\u00c4SS \u00a7 5 TMG<\/h2><p style=\"background-image: initial; background-position: 0px 0px; background-size: initial; background-repeat: initial; background-attachment: initial; background-origin: initial; background-clip: initial; border: 0px; margin-top: 10px; padding: 0px; vertical-align: baseline; outline: 0px; color: rgb(156, 156, 156); font-family: Ubuntu, sans-serif; font-size: 16px;\">CrossFit Sleddogs Am Berg 6 56070 Koblenz<\/p><p style=\"background-image: initial; background-position: 0px 0px; background-size: initial; background-repeat: initial; background-attachment: initial; background-origin: initial; background-clip: initial; border: 0px; margin-top: 10px; padding: 0px; vertical-align: baseline; outline: 0px; color: rgb(156, 156, 156); font-family: Ubuntu, sans-serif; font-size: 16px;\">&nbsp;<\/p><h2 style=\"line-height: 1em; letter-spacing: 0.05em; background-image: initial; background-position: 0px 0px; background-size: initial; background-repeat: initial; background-attachment: initial; background-origin: initial; background-clip: initial; border: 0px; margin-right: 0px; margin-bottom: 20px; margin-left: 0px; padding: 0px; vertical-align: baseline; outline: 0px; font-size: 50px; text-transform: uppercase; color: rgb(41, 40, 45); font-family: Teko, sans-serif;\">VERTRETEN DURCH<\/h2><p style=\"background-image: initial; background-position: 0px 0px; background-size: initial; background-repeat: initial; background-attachment: initial; background-origin: initial; background-clip: initial; border: 0px; margin-top: 10px; padding: 0px; vertical-align: baseline; outline: 0px; color: rgb(156, 156, 156); font-family: Ubuntu, sans-serif; font-size: 16px;\">Vertretungsberechtigter Gesch\u00e4ftsf\u00fchrerin: Yvonne G\u00fcers<\/p><p style=\"background-image: initial; background-position: 0px 0px; background-size: initial; background-repeat: initial; background-attachment: initial; background-origin: initial; background-clip: initial; border: 0px; margin-top: 10px; padding: 0px; vertical-align: baseline; outline: 0px; color: rgb(156, 156, 156); font-family: Ubuntu, sans-serif; font-size: 16px;\">&nbsp;<\/p><h2 style=\"line-height: 1em; letter-spacing: 0.05em; background-image: initial; background-position: 0px 0px; background-size: initial; background-repeat: initial; background-attachment: initial; background-origin: initial; background-clip: initial; border: 0px; margin-right: 0px; margin-bottom: 20px; margin-left: 0px; padding: 0px; vertical-align: baseline; outline: 0px; font-size: 50px; text-transform: uppercase; color: rgb(41, 40, 45); font-family: Teko, sans-serif;\">KONTAKT<\/h2><p style=\"background-image: initial; background-position: 0px 0px; background-size: initial; background-repeat: initial; background-attachment: initial; background-origin: initial; background-clip: initial; border: 0px; margin-top: 10px; padding: 0px; vertical-align: baseline; outline: 0px; color: rgb(156, 156, 156); font-family: Ubuntu, sans-serif; font-size: 16px;\">Telefon: 0176-32318585 E-Mail: info@crossfit-sleddogs.de<\/p><p style=\"background-image: initial; background-position: 0px 0px; background-size: initial; background-repeat: initial; background-attachment: initial; background-origin: initial; background-clip: initial; border: 0px; margin-top: 10px; padding: 0px; vertical-align: baseline; outline: 0px; color: rgb(156, 156, 156); font-family: Ubuntu, sans-serif; font-size: 16px;\">&nbsp;<\/p><h2 style=\"line-height: 1em; letter-spacing: 0.05em; background-image: initial; background-position: 0px 0px; background-size: initial; background-repeat: initial; background-attachment: initial; background-origin: initial; background-clip: initial; border: 0px; margin-right: 0px; margin-bottom: 20px; margin-left: 0px; padding: 0px; vertical-align: baseline; outline: 0px; font-size: 50px; text-transform: uppercase; color: rgb(41, 40, 45); font-family: Teko, sans-serif;\">VERANTWORTLICH F\u00dcR DEN INHALT NACH \u00a7 55 ABS. 2 RSTV:<\/h2><p style=\"background-image: initial; background-position: 0px 0px; background-size: initial; background-repeat: initial; background-attachment: initial; background-origin: initial; background-clip: initial; border: 0px; margin-top: 10px; padding: 0px; vertical-align: baseline; outline: 0px; color: rgb(156, 156, 156); font-family: Ubuntu, sans-serif; font-size: 16px;\">Vertretungsberechtigter Gesch\u00e4ftsf\u00fchrerin: Yvonne G\u00fcers<\/p><p style=\"background-image: initial; background-position: 0px 0px; background-size: initial; background-repeat: initial; background-attachment: initial; background-origin: initial; background-clip: initial; border: 0px; margin-top: 10px; padding: 0px; vertical-align: baseline; outline: 0px; color: rgb(156, 156, 156); font-family: Ubuntu, sans-serif; font-size: 16px;\">&nbsp;<\/p><h2 style=\"line-height: 1em; letter-spacing: 0.05em; background-image: initial; background-position: 0px 0px; background-size: initial; background-repeat: initial; background-attachment: initial; background-origin: initial; background-clip: initial; border: 0px; margin-right: 0px; margin-bottom: 20px; margin-left: 0px; padding: 0px; vertical-align: baseline; outline: 0px; font-size: 50px; text-transform: uppercase; color: rgb(41, 40, 45); font-family: Teko, sans-serif;\">STREITSCHLICHTUNG<\/h2><p style=\"background-image: initial; background-position: 0px 0px; background-size: initial; background-repeat: initial; background-attachment: initial; background-origin: initial; background-clip: initial; border: 0px; margin-top: 10px; padding: 0px; vertical-align: baseline; outline: 0px; color: rgb(156, 156, 156); font-family: Ubuntu, sans-serif; font-size: 16px;\">Die Europ\u00e4ische Kommission stellt eine Plattform zur Online-Streitbeilegung (OS) bereit:&nbsp;<a href=\"https:\/\/ec.europa.eu\/consumers\/odr\" target=\"_blank\" rel=\"noreferrer noopener\" style=\"background-image: initial; background-position: 0px 0px; background-size: initial; background-repeat: initial; background-attachment: initial; background-origin: initial; background-clip: initial; border: 0px; margin: 0px; padding: 0px; vertical-align: baseline; outline: 0px; color: rgb(41, 40, 45); transition-duration: 0.2s; transition-timing-function: ease-out; transition-property: color;\">https:\/\/ec.europa.eu\/consumers\/odr<\/a>. Unsere E-Mail-Adresse finden Sie oben im Impressum.<\/p><p style=\"background-image: initial; background-position: 0px 0px; background-size: initial; background-repeat: initial; background-attachment: initial; background-origin: initial; background-clip: initial; border: 0px; margin-top: 10px; padding: 0px; vertical-align: baseline; outline: 0px; color: rgb(156, 156, 156); font-family: Ubuntu, sans-serif; font-size: 16px;\">Wir sind nicht bereit oder verpflichtet, an Streitbeilegungsverfahren vor einer Verbraucherschlichtungsstelle teilzunehmen.<\/p><p style=\"background-image: initial; background-position: 0px 0px; background-size: initial; background-repeat: initial; background-attachment: initial; background-origin: initial; background-clip: initial; border: 0px; margin-top: 10px; padding: 0px; vertical-align: baseline; outline: 0px; color: rgb(156, 156, 156); font-family: Ubuntu, sans-serif; font-size: 16px;\">&nbsp;<\/p><h3 style=\"letter-spacing: 0.05em; background-image: initial; background-position: 0px 0px; background-size: initial; background-repeat: initial; background-attachment: initial; background-origin: initial; background-clip: initial; border: 0px; margin-right: 0px; margin-bottom: 20px; margin-left: 0px; padding: 0px; vertical-align: baseline; outline: 0px; font-size: 30px; line-height: 1.167em; text-transform: uppercase; color: rgb(41, 40, 45); font-family: Teko, sans-serif;\">HAFTUNG F\u00dcR INHALTE<\/h3><p style=\"background-image: initial; background-position: 0px 0px; background-size: initial; background-repeat: initial; background-attachment: initial; background-origin: initial; background-clip: initial; border: 0px; margin-top: 10px; padding: 0px; vertical-align: baseline; outline: 0px; color: rgb(156, 156, 156); font-family: Ubuntu, sans-serif; font-size: 16px;\">Als Diensteanbieter sind wir gem\u00e4\u00df \u00a7 7 Abs.1 TMG f\u00fcr eigene Inhalte auf diesen Seiten nach den allgemeinen Gesetzen verantwortlich. Nach \u00a7\u00a7 8 bis 10 TMG sind wir als Diensteanbieter jedoch nicht verpflichtet, \u00fcbermittelte oder gespeicherte fremde Informationen zu \u00fcberwachen oder nach Umst\u00e4nden zu forschen, die auf eine rechtswidrige T\u00e4tigkeit hinweisen.<\/p><p style=\"background-image: initial; background-position: 0px 0px; background-size: initial; background-repeat: initial; background-attachment: initial; background-origin: initial; background-clip: initial; border: 0px; margin-top: 10px; padding: 0px; vertical-align: baseline; outline: 0px; color: rgb(156, 156, 156); font-family: Ubuntu, sans-serif; font-size: 16px;\">Verpflichtungen zur Entfernung oder Sperrung der Nutzung von Informationen nach den allgemeinen Gesetzen bleiben hiervon unber\u00fchrt. Eine diesbez\u00fcgliche Haftung ist jedoch erst ab dem Zeitpunkt der Kenntnis einer konkreten Rechtsverletzung m\u00f6glich. Bei Bekanntwerden von entsprechenden Rechtsverletzungen werden wir diese Inhalte umgehend entfernen.<\/p><p style=\"background-image: initial; background-position: 0px 0px; background-size: initial; background-repeat: initial; background-attachment: initial; background-origin: initial; background-clip: initial; border: 0px; margin-top: 10px; padding: 0px; vertical-align: baseline; outline: 0px; color: rgb(156, 156, 156); font-family: Ubuntu, sans-serif; font-size: 16px;\">&nbsp;<\/p><h3 style=\"letter-spacing: 0.05em; background-image: initial; background-position: 0px 0px; background-size: initial; background-repeat: initial; background-attachment: initial; background-origin: initial; background-clip: initial; border: 0px; margin-right: 0px; margin-bottom: 20px; margin-left: 0px; padding: 0px; vertical-align: baseline; outline: 0px; font-size: 30px; line-height: 1.167em; text-transform: uppercase; color: rgb(41, 40, 45); font-family: Teko, sans-serif;\">HAFTUNG F\u00dcR LINKS<\/h3><p style=\"background-image: initial; background-position: 0px 0px; background-size: initial; background-repeat: initial; background-attachment: initial; background-origin: initial; background-clip: initial; border: 0px; margin-top: 10px; padding: 0px; vertical-align: baseline; outline: 0px; color: rgb(156, 156, 156); font-family: Ubuntu, sans-serif; font-size: 16px;\">Unser Angebot enth\u00e4lt Links zu externen Websites Dritter, auf deren Inhalte wir keinen Einfluss haben. Deshalb k\u00f6nnen wir f\u00fcr diese fremden Inhalte auch keine Gew\u00e4hr \u00fcbernehmen. F\u00fcr die Inhalte der verlinkten Seiten ist stets der jeweilige Anbieter oder Betreiber der Seiten verantwortlich. Die verlinkten Seiten wurden zum Zeitpunkt der Verlinkung auf m\u00f6gliche Rechtsverst\u00f6\u00dfe \u00fcberpr\u00fcft. Rechtswidrige Inhalte waren zum Zeitpunkt der Verlinkung nicht erkennbar.<\/p><p style=\"background-image: initial; background-position: 0px 0px; background-size: initial; background-repeat: initial; background-attachment: initial; background-origin: initial; background-clip: initial; border: 0px; margin-top: 10px; padding: 0px; vertical-align: baseline; outline: 0px; color: rgb(156, 156, 156); font-family: Ubuntu, sans-serif; font-size: 16px;\">Eine permanente inhaltliche Kontrolle der verlinkten Seiten ist jedoch ohne konkrete Anhaltspunkte einer Rechtsverletzung nicht zumutbar. Bei Bekanntwerden von Rechtsverletzungen werden wir derartige Links umgehend entfernen.<\/p><p style=\"background-image: initial; background-position: 0px 0px; background-size: initial; background-repeat: initial; background-attachment: initial; background-origin: initial; background-clip: initial; border: 0px; margin-top: 10px; padding: 0px; vertical-align: baseline; outline: 0px; color: rgb(156, 156, 156); font-family: Ubuntu, sans-serif; font-size: 16px;\">&nbsp;<\/p><h3 style=\"letter-spacing: 0.05em; background-image: initial; background-position: 0px 0px; background-size: initial; background-repeat: initial; background-attachment: initial; background-origin: initial; background-clip: initial; border: 0px; margin-right: 0px; margin-bottom: 20px; margin-left: 0px; padding: 0px; vertical-align: baseline; outline: 0px; font-size: 30px; line-height: 1.167em; text-transform: uppercase; color: rgb(41, 40, 45); font-family: Teko, sans-serif;\">URHEBERRECHT<\/h3><p style=\"background-image: initial; background-position: 0px 0px; background-size: initial; background-repeat: initial; background-attachment: initial; background-origin: initial; background-clip: initial; border: 0px; margin-top: 10px; padding: 0px; vertical-align: baseline; outline: 0px; color: rgb(156, 156, 156); font-family: Ubuntu, sans-serif; font-size: 16px;\">Die durch die Seitenbetreiber erstellten Inhalte und Werke auf diesen Seiten unterliegen dem deutschen Urheberrecht. Die Vervielf\u00e4ltigung, Bearbeitung, Verbreitung und jede Art der Verwertung au\u00dferhalb der Grenzen des Urheberrechtes bed\u00fcrfen der schriftlichen Zustimmung des jeweiligen Autors bzw. Erstellers. Downloads und Kopien dieser Seite sind nur f\u00fcr den privaten, nicht kommerziellen Gebrauch gestattet.<\/p><p style=\"background-image: initial; background-position: 0px 0px; background-size: initial; background-repeat: initial; background-attachment: initial; background-origin: initial; background-clip: initial; border: 0px; margin-top: 10px; margin-bottom: 0px; padding: 0px; vertical-align: baseline; outline: 0px; color: rgb(156, 156, 156); font-family: Ubuntu, sans-serif; font-size: 16px;\">Soweit die Inhalte auf dieser Seite nicht vom Betreiber erstellt wurden, werden die Urheberrechte Dritter beachtet. Insbesondere werden Inhalte Dritter als solche gekennzeichnet. Sollten Sie trotzdem auf eine Urheberrechtsverletzung aufmerksam werden, bitten wir um einen entsprechenden Hinweis. Bei Bekanntwerden von Rechtsverletzungen werden wir derartige Inhalte umgehend entfernen.<\/p>\t\t\t\t\t\t<\/div>\n\t\t\t\t<\/div>\n\t\t\t\t\t<\/div>\n\t\t<\/div>\n\t\t\t\t\t<\/div>\n\t\t<\/section>\n\t\t\t\t<\/div>\n\t\t","protected":false},"excerpt":{"rendered":"<p>ANGABEN GEM\u00c4SS \u00a7 5 TMG CrossFit Sleddogs Am Berg 6 56070 Koblenz &nbsp; VERTRETEN DURCH Vertretungsberechtigter Gesch\u00e4ftsf\u00fchrerin: Yvonne G\u00fcers &nbsp; KONTAKT Telefon: 0176-32318585 E-Mail: info@crossfit-sleddogs.de &nbsp; VERANTWORTLICH F\u00dcR DEN INHALT NACH \u00a7 55 ABS. 2 RSTV: Vertretungsberechtigter Gesch\u00e4ftsf\u00fchrerin: Yvonne G\u00fcers &nbsp; STREITSCHLICHTUNG Die Europ\u00e4ische Kommission stellt eine Plattform zur Online-Streitbeilegung (OS) bereit:&nbsp;https:\/\/ec.europa.eu\/consumers\/odr. Unsere E-Mail-Adresse finden Sie oben im Impressum. Wir sind nicht bereit oder verpflichtet, an Streitbeilegungsverfahren vor einer Verbraucherschlichtungsstelle teilzunehmen. &nbsp; HAFTUNG F\u00dcR INHALTE Als Diensteanbieter sind wir gem\u00e4\u00df \u00a7 7 Abs.1 TMG f\u00fcr eigene Inhalte auf diesen Seiten nach den allgemeinen Gesetzen verantwortlich. Nach \u00a7\u00a7 8 bis 10 TMG sind wir als Diensteanbieter jedoch nicht verpflichtet, \u00fcbermittelte oder gespeicherte fremde Informationen zu \u00fcberwachen oder nach Umst\u00e4nden&hellip;<\/p>\n","protected":false},"author":1,"featured_media":0,"parent":0,"menu_order":0,"comment_status":"closed","ping_status":"closed","template":"template-parts\/template-page-builders.php","meta":[],"_links":{"self":[{"href":"https:\/\/sleddogs-wintergames.de\/index.php?rest_route=\/wp\/v2\/pages\/753"}],"collection":[{"href":"https:\/\/sleddogs-wintergames.de\/index.php?rest_route=\/wp\/v2\/pages"}],"about":[{"href":"https:\/\/sleddogs-wintergames.de\/index.php?rest_route=\/wp\/v2\/types\/page"}],"author":[{"embeddable":true,"href":"https:\/\/sleddogs-wintergames.de\/index.php?rest_route=\/wp\/v2\/users\/1"}],"replies":[{"embeddable":true,"href":"https:\/\/sleddogs-wintergames.de\/index.php?rest_route=%2Fwp%2Fv2%2Fcomments&post=753"}],"version-history":[{"count":7,"href":"https:\/\/sleddogs-wintergames.de\/index.php?rest_route=\/wp\/v2\/pages\/753\/revisions"}],"predecessor-version":[{"id":760,"href":"https:\/\/sleddogs-wintergames.de\/index.php?rest_route=\/wp\/v2\/pages\/753\/revisions\/760"}],"wp:attachment":[{"href":"https:\/\/sleddogs-wintergames.de\/index.php?rest_route=%2Fwp%2Fv2%2Fmedia&parent=753"}],"curies":[{"name":"wp","href":"https:\/\/api.w.org\/{rel}","templated":true}]}}